*2/2 + 4*x - 50. Determine f(6).
10
Suppose -10 - 26 = -9*t. Let s(c) = c**3 - 4*c**2 - 3*c - 1. What is s(t)?
-13
Let x be -4 - -5 - 14/(-2). Let g(d) = 3*d + d**2 - x + 2 + d. Calculate g(-5).
-1
Let n(c) = -c**3 - 2*c - 2. Let g be n(3). Let x(t) = -25*t + 35. Let f(a) = -2*a + 3. Let y(i) = g*f(i) + 3*x(i). Let s = 1 - 0. Determine y(s).
-5
Let d(a) = 3*a**2 + 2*a. Let l(h) = -13*h**2 - 9*h - 1. Let q(f) = 9*d(f) + 2*l(f). Give q(-3).
7
Let m = 573 + -13745/24. Let v(h) be the third derivative of 0 + 3*h**2 + 0*h + 1/60*h**5 + 4/3*h**3 - m*h**4. Calculate v(6).
2
Let i(a) = -5*a**2 - 2*a + 1. Let v(y) = 22*y**2 + 8*y - 4. Let z(q) = 9*i(q) + 2*v(q). Determine z(1).
-2
Suppose -2*h + 4*j + 22 = -h, j - 20 = -4*h. Suppose 0 = 4*o - 2 + h. Let a(g) = -3*g**2 + g + 1. Calculate a(o).
-3
Let a(v) = -12*v**2 - v + 1. Let q be ((-1 - -2)/(13/(-13)))/(-1). Calculate a(q).
-12
Let a(j) = -j + 1 + 5*j**2 - 2 - 7*j**2. Suppose q + 5*c = 13, 2*q + 16 = -0*c + 4*c. Determine a(q).
-7
Let s(o) be the third derivative of -o**5/30 - o**4/6 - o**3/2 - 7*o**2. Let b = -6 + 4. Determine s(b).
-3
Let l(i) be the first derivative of -i**2/2 - 5*i - 8. Determine l(-6).
1
Let a be 2/(-5) - (-681)/15. Suppose -a = -5*n - 4*c, 0*c = -2*n + 2*c. Let j(v) = 2*v - 6. Let i(h) = 1. Let u(x) = i(x) - j(x). Give u(n).
-3
Let w = 2 + 0. Let m(u) be the first derivative of -u**4/4 + u**3/3 + u**2/2 + u - 19. Calculate m(w).
-1
Let p(z) = 17*z + 29. Let q(i) = 6*i + 10. Let j(l) = -4*p(l) + 11*q(l). What is j(-5)?
4
Let l(p) = 5*p + 3. Let s be (-3 + 4)*(-4 - (-3)/(-3)). Calculate l(s).
-22
Suppose 0 = -0*q + 5*q - 5. Let b(o) = q + 1 + 26*o - 23*o + o**3 + 4*o**2. Give b(-3).
2
Let y(b) = -2*b + 1. Let d be (-6)/4 + 60/24. What is y(d)?
-1
Let o = -7 - -9. Suppose 0 = -5*q - 5*g, o*g - 4 = -5*q + 2. Let s(v) = -v**3 - 1. Determine s(q).
-9
Let g(s) = 9*s**3 - 2*s - 1. Let v(l) = -2*l**2 - 3*l - 2. Let w be v(-1). Determine g(w).
-8
Let d(i) be the second derivative of -i**4/24 + i**3/3 + 5*i**2/2 - 2*i. Let k(a) be the first derivative of d(a). Calculate k(1).
1
Let s be ((-2)/1)/((-1)/4). Let k(g) = s - g - 3 + 0. Give k(0).
5
Let m(v) = -v**2 - 6*v + 1. Let g(n) = -4*n**2 - 25*n + 6. Let o(l) = 2*g(l) - 9*m(l). Calculate o(-4).
3
Let v(f) = 2*f - 2. Let k(y) = -y**3 + 6*y + 7. Let h be k(-2). What is v(h)?
4
Let n(g) = -8*g + 1 + 4*g - 2 + 5*g. Determine n(4).
3
Let c(q) = -q**2 + 3*q - 1. Let r(l) = l**3 - 18*l**2 + 4. Let y be r(18). What is c(y)?
-5
Let m(p) = -2*p**3 + 3*p**2 + 11*p + 5. Let c(j) = -3 + 5*j + j**3 - 7*j - 3*j - 2*j**2. Let q(a) = -5*c(a) - 2*m(a). Give q(5).
-5
Let a be -6*3/(-6) - -2. Let x = a - 10. Let j(b) be the first derivative of b**3/3 + 3*b**2 + 3*b + 2. Determine j(x).
-2
Let l(q) = q**3 - 2*q**2 + 2*q - 3. Let m(j) = -j + 8. Suppose -3*n + 21 = 2*t, t + 27 = 6*t - n. Let o be m(t). What is l(o)?
1
Let z be 2 + -1 - (3 - 4). Suppose -3*o = -1 - 5. Let y(d) = -d**2 - 3*d + 4*d - 3 + o. Give y(z).
-3
Let y(d) = d**2 - 16*d + 14. Let l be y(15). Let s(i) = i**3 + 2*i**2 - 1. Calculate s(l).
0
Let z(p) = -p**2 + 6*p + 4. Suppose 20*k + 20 = 24*k. Determine z(k).
9
Let b be (1/(-2))/(2/16). Let g(n) be the third derivative of n**6/120 + n**5/15 + n**4/24 - n**3/3 + 29*n**2 - 2*n. Determine g(b).
-6
Let u(c) = 5*c**3 - 4*c**2 + 3*c - 3. Let l(v) = 4*v**3 - 3*v**2 + 2*v - 2. Let z(n) = -4*l(n) + 3*u(n). Calculate z(1).
-1
Let a = -17/2 + 29/3. Let c(o) be the second derivative of -a*o**3 - o + 1/12*o**4 + 3/2*o**2 + 0. Give c(5).
-7
Let j = 1 - -2. Let u(b) be the third derivative of 0*b + 1/6*b**j - 1/8*b**4 + 0 - 3*b**2 + 1/60*b**5. Give u(3).
1
Let d(f) = f**3 + 5*f**2 + 5*f. Suppose -2*u + 6*u + 16 = 0. Calculate d(u).
-4
Let v(q) = -5*q - 51 + 6*q + 45. What is v(5)?
-1
Suppose -3 - 7 = -2*x. Let t(j) = 2*j + 23. Let p(b) = b + 12. Let u(f) = x*p(f) - 3*t(f). Let v be u(-6). Let k(a) = -a**3 - 3*a**2 + 4*a + 4. Give k(v).
-8
Let c(w) = 2*w - 10. Let t(i) = -i**3 - 4*i**2 - 2*i - 1. Let d be t(-4). Determine c(d).
4
Let d(l) be the first derivative of l**2 + 6*l + 43. Let q(u) = -u**2 - 6. Let t be q(0). Determine d(t).
-6
Let s(k) = -23*k**2 + 1. Let b(w) = w**3 - 3*w**2 + 2*w + 1. Let y be b(2). Calculate s(y).
-22
Let c(v) be the third derivative of v**6/120 - v**5/60 + v**4/24 + 20*v**2. Determine c(0).
0
Suppose 1 + 3 = -4*b. Let w(u) = -2*u. Let q be w(b). Let i(l) = -l**2 - 3*l - 7. Let y(a) = -a**2 - 4*a - 8. Let s(n) = 7*i(n) - 6*y(n). What is s(q)?
1
Let m(h) = h**3 - 6*h**2 + 2*h - 6. Let r be (3 + 6)*(-4)/(-6). Determine m(r).
6
Let d(x) = 2*x**2 + 8 - 2 + 6*x - x**2. Let l = 46 - 51. Determine d(l).
1
Let j(h) = -h**2 - 4*h**3 + 4*h**3 - h**2 - h**3 + 3 + 2*h. Determine j(-3).
6
Let w(z) be the first derivative of z**3/3 + z**2/2 - z + 10. Let g(q) be the second derivative of -q**3/6 + 7*q**2/2 - q. Let f be g(6). What is w(f)?
1
Suppose 4*a = -2*a - 6. Let b(p) = -19*p**3 - 5*p**2 + 4*p - 3. Let m(z) = -10*z**3 - 3*z**2 + 2*z - 2. Let q(n) = 3*b(n) - 5*m(n). What is q(a)?
6
Let b(m) be the first derivative of -3*m**4 - m**3/3 + m**2 - m + 19. Give b(1).
-12
Let s = 7 - 5. Suppose -5*j + 10 - 31 = s*p, 2*j = -2*p - 6. Let g(f) = -4*f. Calculate g(p).
-8
Let k(i) = -i**2 - 10*i - 10. Let c be k(-7). Suppose -5*b = 3*v, -5*b + 2*v + 14 = -c. Let r(w) = -w**2 + 2 + 4*w - w**3 + 0 + 4*w - b*w. Give r(-3).
5
Let g(h) = h**2 + 7*h + 4. Suppose d = -4*j - 18, 10 = 4*d + 2. Let p(v) = -2*v**2 - 14*v - 7. Let c(s) = j*g(s) - 2*p(s). What is c(-6)?
0
Let r(p) be the first derivative of -3*p**4/4 + p**3/3 + 5*p**2/2 - 8*p + 5. Let m(y) = -4*y**3 + y**2 + 7*y - 12. Let f(d) = -5*m(d) + 7*r(d). What is f(3)?
-5
Let c = 4 - 9. Let x(u) = -9*u**2 + 11*u + 3. Let v(g) = 7*g**2 - 10*g - 2. Let j(f) = 5*v(f) + 4*x(f). What is j(c)?
7
Let x(r) = 6*r**3 + 2*r + 1. Let f = 5 + -3. Suppose 4*s - f*s = -2. What is x(s)?
-7
Let l(x) = -x**3 + x**2 - 2. Let z(k) = k + 3. Let b be z(0). Suppose 0 = b*r - 0*r - 15. Suppose -r*f + 3 + 7 = 0. What is l(f)?
-6
Let v(s) = s**2 + 7*s + 6. Suppose 3*p = -27 + 9. Give v(p).
0
Let t(k) = k**3 - k - 3. Let p(v) be the first derivative of v**4/4 - v**3/3 - 3*v - 11. Suppose 0*j + 6 = 3*j. Let s(c) = j*p(c) - 3*t(c). Determine s(-2).
-3
Let t(f) = 3*f**2 - 2*f**2 + 3 + 5*f + 0*f**2. Determine t(-4).
-1
Let b be (-6)/8 + 70/40. Let f be 3 - 1*b/(-1). Let g(q) = q**2 + 6*q - 8. Let z(v) = 6*v**2 + 31*v - 41. Let s(i) = 11*g(i) - 2*z(i). Give s(f).
-6
Let u(v) = 9*v + 2. Let d(r) = 3*r + 1. Let q(m) = -8*d(m) + 3*u(m). Let o = 28 - 26. Give q(o).
4
Let t(h) = -1 + 19*h**2 - 18*h**2 - 4*h + h. Let n(i) = 1 + i - 1. Let v(b) = 3*n(b) + t(b). Determine v(2).
3
Let n(z) = z. Let g = -3 - 1. Let k(q) = -1 - 4*q + 6 - q**2 + 0*q. Let o be k(g). Calculate n(o).
5
Let x(r) = r**2 + 6*r + 6. Let l be -10*((-4)/16)/((-2)/4). Determine x(l).
1
Let u(w) = -w**2 - 1. Let c(a) = 6*a**2 - 4*a - 1. Let q(k) = c(k) + 5*u(k). Calculate q(5).
-1
Let k(m) = 2*m - 9. Let h be k(8). Suppose 4*a - h - 5 = -2*w, 4*w - a = -3. Let d(j) = -10*j**3 + 0*j + 2*j**2 - 4*j + 2*j + 1 + w*j**2. Calculate d(1).
-9
Let c(l) = -l**3 - 4*l**2 - 4*l. Suppose 2*o + 18 = -o + 2*t, t = 3*o + 15. Determine c(o).
16
Let w = 2/755 + 103/18120. Let j(n) be the third derivative of 0 - 1/24*n**4 - 1/30*n**5 - 3*n**2 - w*n**6 - 1/3*n**3 + 0*n. Give j(-3).
10
Suppose -2*b = b + 24. Let o(i) = i**2 + 8*i - 4. Determine o(b).
-4
Let p be 0 - ((-6)/3 + 0). Let a(s) = -4*s - s**p + 10*s + 4 - 6. What is a(5)?
3
Let y(b) = -b**3 - 7*b**2 - b - 3. Let z be y(-7). Let x(i) = i**2 - 2*i - 5. Determine x(z).
3
Suppose 5*h = -6*h - 55. Let u(b) = b**2 + 6*b + 2. Give u(h).
-3
Let z(x) = 4*x**3 - x**2. Let n = -8 - -7. Give z(n).
-5
Suppose -3*o - 18 = -0*o. Let m(n) = n**3 - 9*n**2 + 9*n - 6. Let u be m(8). Let h(l) = 10 - l + u*l - 3. What is h(o)?
1
Let t(i) = i**3 + 5*i**2 + 3*i - 2. Let d(a) = -5*a**3 - a**2 - a. Let h be d(-1). Suppose h*w - 9 = -24. Give t(w).
7
Let t(w) = w**2 + w + 4. Let d(b) = -2*b + 44. Let y be d(22). Calculate t(y).
4
Let q(y) = y**3. Suppose l - 3*n = 2*n - 9, -3*l - 5*n + 13 = 0. Let j(g) = 4*g**3 + 5*g**2 - 6*g + 2. Let u(v) = l*j(v) - 3*q(v). Determine u(-6).
2
Let g be 25/(-10) - -3 - (-3)/(-6). Let d(n) = -n - 8. Calculate d(g).
-8
Let l